{"id":1725,"date":"2023-09-06T18:01:51","date_gmt":"2023-09-06T18:01:51","guid":{"rendered":"https:\/\/ravitut.se\/?page_id=1725"},"modified":"2024-02-23T22:39:38","modified_gmt":"2024-02-23T22:39:38","slug":"aktiviteter","status":"publish","type":"page","link":"https:\/\/ravitut.se\/index.php\/aktiviteter\/","title":{"rendered":"Aktiviteter"},"content":{"rendered":"\t\t<div data-elementor-type=\"wp-page\" data-elementor-id=\"1725\" class=\"elementor elementor-1725\" data-elementor-post-type=\"page\">\n\t\t\t\t\t\t<section class=\"elementor-section elementor-top-section elementor-element elementor-element-95c5586 elementor-section-full_width elementor-section-height-default elementor-section-height-default\" data-id=\"95c5586\" data-element_type=\"section\" data-e-type=\"section\" data-settings=\"{&quot;background_background&quot;:&quot;gradient&quot;}\">\n\t\t\t\t\t\t<div class=\"elementor-container elementor-column-gap-default\">\n\t\t\t\t\t<div class=\"elementor-column elementor-col-100 elementor-top-column elementor-element elementor-element-493e421\" data-id=\"493e421\" data-element_type=\"column\" data-e-type=\"column\">\n\t\t\t<div class=\"elementor-widget-wrap elementor-element-populated\">\n\t\t\t\t\t\t<div class=\"elementor-element elementor-element-a9ebb15 elementor-widget elementor-widget-heading\" data-id=\"a9ebb15\" data-element_type=\"widget\" data-e-type=\"widget\" data-widget_type=\"heading.default\">\n\t\t\t\t<div class=\"elementor-widget-container\">\n\t\t\t\t\t<h2 class=\"elementor-heading-title elementor-size-default\">AKTIVITETER<\/h2>\t\t\t\t<\/div>\n\t\t\t\t<\/div>\n\t\t\t\t\t<\/div>\n\t\t<\/div>\n\t\t\t\t\t<\/div>\n\t\t<\/section>\n\t\t\t\t<section class=\"elementor-section elementor-top-section elementor-element elementor-element-9d4f3d0 elementor-section-boxed elementor-section-height-default elementor-section-height-default\" data-id=\"9d4f3d0\" data-element_type=\"section\" data-e-type=\"section\">\n\t\t\t\t\t\t<div class=\"elementor-container elementor-column-gap-default\">\n\t\t\t\t\t<div class=\"elementor-column elementor-col-50 elementor-top-column elementor-element elementor-element-2ed634a\" data-id=\"2ed634a\" data-element_type=\"column\" data-e-type=\"column\">\n\t\t\t<div class=\"elementor-widget-wrap elementor-element-populated\">\n\t\t\t\t\t\t<div class=\"elementor-element elementor-element-22a35a9 elementor-widget elementor-widget-text-editor\" data-id=\"22a35a9\" data-element_type=\"widget\" data-e-type=\"widget\" data-widget_type=\"text-editor.default\">\n\t\t\t\t<div class=\"elementor-widget-container\">\n\t\t\t\t\t\t\t\t\t<p>Att genomf\u00f6ra aktiviteter tillsammans skapar, gl\u00e4dje, samh\u00f6righet, skratt, t\u00e4vlingsnerver mm. och man f\u00e5r anv\u00e4nda b\u00e5de genikn\u00f6lar, pricks\u00e4kerhet eller ta fram den kreativa \u00e5dran<\/p><p><strong>F\u00f6rutom redan f\u00e4rdiga aktivitetsf\u00f6rslag erbjuder vi \u00e4ven specialanpassade aktiviteter som vi planerar tillsammans med er om det finns s\u00e4rskilda \u00f6nskem\u00e5l om uppl\u00e4gg, inneh\u00e5ll, tema, plats eller annat.<\/strong><\/p><p>Samarbets\u00f6vningar, m\u00e5ngkamper, utbildning, inspiration eller en kreativ verkstad. Vi erbjuder en bred palett med s\u00e5v\u00e4l klassiska aktiviteter som mer specialanpassade f\u00f6r s\u00e5v\u00e4l skolor, f\u00f6retag och privata grupper.<br \/>Vi har ett g\u00e4ng mobila aktiviteter och kan komma till er eller s\u00e5 ses vi p\u00e5 Skrylleomr\u00e5det utanf\u00f6r Lund d\u00e4r vi har mer fast uppbyggda m\u00f6jligheter.<\/p>\t\t\t\t\t\t\t\t<\/div>\n\t\t\t\t<\/div>\n\t\t\t\t\t<\/div>\n\t\t<\/div>\n\t\t\t\t<div class=\"elementor-column elementor-col-50 elementor-top-column elementor-element elementor-element-eb8fb1a\" data-id=\"eb8fb1a\" data-element_type=\"column\" data-e-type=\"column\">\n\t\t\t<div class=\"elementor-widget-wrap elementor-element-populated\">\n\t\t\t\t\t\t<div class=\"elementor-element elementor-element-83950d1 elementor-widget elementor-widget-image\" data-id=\"83950d1\" data-element_type=\"widget\" data-e-type=\"widget\" data-widget_type=\"image.default\">\n\t\t\t\t<div class=\"elementor-widget-container\">\n\t\t\t\t\t\t\t\t\t\t\t\t\t\t\t<img fetchpriority=\"high\" decoding=\"async\" width=\"750\" height=\"1000\" src=\"https:\/\/ravitut.se\/wp-content\/uploads\/2021\/01\/20190204_120502-768x1024.jpg\" class=\"attachment-large size-large wp-image-358\" alt=\"\" srcset=\"https:\/\/ravitut.se\/wp-content\/uploads\/2021\/01\/20190204_120502-768x1024.jpg 768w, https:\/\/ravitut.se\/wp-content\/uploads\/2021\/01\/20190204_120502-scaled-600x800.jpg 600w, https:\/\/ravitut.se\/wp-content\/uploads\/2021\/01\/20190204_120502-225x300.jpg 225w, https:\/\/ravitut.se\/wp-content\/uploads\/2021\/01\/20190204_120502-1152x1536.jpg 1152w, https:\/\/ravitut.se\/wp-content\/uploads\/2021\/01\/20190204_120502-1536x2048.jpg 1536w, https:\/\/ravitut.se\/wp-content\/uploads\/2021\/01\/20190204_120502-scaled.jpg 1920w\" sizes=\"(max-width: 750px) 100vw, 750px\" \/>\t\t\t\t\t\t\t\t\t\t\t\t\t\t\t<\/div>\n\t\t\t\t<\/div>\n\t\t\t\t\t<\/div>\n\t\t<\/div>\n\t\t\t\t\t<\/div>\n\t\t<\/section>\n\t\t\t\t<section class=\"elementor-section elementor-top-section elementor-element elementor-element-6533b93 elementor-section-boxed elementor-section-height-default elementor-section-height-default\" data-id=\"6533b93\" data-element_type=\"section\" data-e-type=\"section\">\n\t\t\t\t\t\t<div class=\"elementor-container elementor-column-gap-default\">\n\t\t\t\t\t<div class=\"elementor-column elementor-col-50 elementor-top-column elementor-element elementor-element-a6725b1\" data-id=\"a6725b1\" data-element_type=\"column\" data-e-type=\"column\">\n\t\t\t<div class=\"elementor-widget-wrap elementor-element-populated\">\n\t\t\t\t\t\t<div class=\"elementor-element elementor-element-dee2720 elementor-widget elementor-widget-image\" data-id=\"dee2720\" data-element_type=\"widget\" data-e-type=\"widget\" data-widget_type=\"image.default\">\n\t\t\t\t<div class=\"elementor-widget-container\">\n\t\t\t\t\t\t\t\t\t\t\t\t\t\t\t<img decoding=\"async\" width=\"197\" height=\"300\" src=\"https:\/\/ravitut.se\/wp-content\/uploads\/2024\/02\/20230609_143441-1-scaled-e1708723192693-197x300.jpg\" class=\"attachment-medium size-medium wp-image-1765\" alt=\"\" srcset=\"https:\/\/ravitut.se\/wp-content\/uploads\/2024\/02\/20230609_143441-1-scaled-e1708723192693-197x300.jpg 197w, https:\/\/ravitut.se\/wp-content\/uploads\/2024\/02\/20230609_143441-1-scaled-e1708723192693-671x1024.jpg 671w, https:\/\/ravitut.se\/wp-content\/uploads\/2024\/02\/20230609_143441-1-scaled-e1708723192693-768x1172.jpg 768w, https:\/\/ravitut.se\/wp-content\/uploads\/2024\/02\/20230609_143441-1-scaled-e1708723192693-1007x1536.jpg 1007w, https:\/\/ravitut.se\/wp-content\/uploads\/2024\/02\/20230609_143441-1-scaled-e1708723192693-460x700.jpg 460w, https:\/\/ravitut.se\/wp-content\/uploads\/2024\/02\/20230609_143441-1-scaled-e1708723192693-230x350.jpg 230w, https:\/\/ravitut.se\/wp-content\/uploads\/2024\/02\/20230609_143441-1-scaled-e1708723192693-600x915.jpg 600w, https:\/\/ravitut.se\/wp-content\/uploads\/2024\/02\/20230609_143441-1-scaled-e1708723192693.jpg 1096w\" sizes=\"(max-width: 197px) 100vw, 197px\" \/>\t\t\t\t\t\t\t\t\t\t\t\t\t\t\t<\/div>\n\t\t\t\t<\/div>\n\t\t\t\t\t<\/div>\n\t\t<\/div>\n\t\t\t\t<div class=\"elementor-column elementor-col-50 elementor-top-column elementor-element elementor-element-f921240\" data-id=\"f921240\" data-element_type=\"column\" data-e-type=\"column\">\n\t\t\t<div class=\"elementor-widget-wrap elementor-element-populated\">\n\t\t\t\t\t\t<div class=\"elementor-element elementor-element-e2fcb90 elementor-widget elementor-widget-text-editor\" data-id=\"e2fcb90\" data-element_type=\"widget\" data-e-type=\"widget\" data-widget_type=\"text-editor.default\">\n\t\t\t\t<div class=\"elementor-widget-container\">\n\t\t\t\t\t\t\t\t\t<p><strong>M\u00e5ngkamp<\/strong><\/p><p>En klassisk 5-kamp med knivkastning, b\u00e5gskytte med mera? <br \/>Eller en 3-kamp d\u00e4r kreativitet och probleml\u00f6sning s\u00e4tts p\u00e5 prov? <br \/>Eller kanske en helt egen kombination? <br \/>V\u00e5r m\u00e5ngkamp har i dagsl\u00e4get ett 20-tal olika grenar att v\u00e4lja mellan med olika inriktningar. V\u00e4lj ett f\u00e4rdigt koncept eller kombinera ihop ett eget \u00f6nskem\u00e5l.<br \/>Yxkastning, eldprovet, vattenflytt, frisbeegolf, probleml\u00f6sning, pussel, reptrassel, cornhole, slangbella, b\u00e5gksytte\u00a0 mm. Listan fylls p\u00e5 kontinuerligt n\u00e4r vi utvecklar nya aktiviteter.\u00a0<\/p><ul><\/ul><p><\/p>\t\t\t\t\t\t\t\t<\/div>\n\t\t\t\t<\/div>\n\t\t\t\t\t<\/div>\n\t\t<\/div>\n\t\t\t\t\t<\/div>\n\t\t<\/section>\n\t\t\t\t<section class=\"elementor-section elementor-top-section elementor-element elementor-element-0619b76 elementor-section-boxed elementor-section-height-default elementor-section-height-default\" data-id=\"0619b76\" data-element_type=\"section\" data-e-type=\"section\" data-settings=\"{&quot;background_background&quot;:&quot;gradient&quot;}\">\n\t\t\t\t\t\t<div class=\"elementor-container elementor-column-gap-default\">\n\t\t\t\t\t<div class=\"elementor-column elementor-col-33 elementor-top-column elementor-element elementor-element-dd685fd\" data-id=\"dd685fd\" data-element_type=\"column\" data-e-type=\"column\">\n\t\t\t<div class=\"elementor-widget-wrap elementor-element-populated\">\n\t\t\t\t\t\t<div class=\"elementor-element elementor-element-beaf81b elementor-widget elementor-widget-text-editor\" data-id=\"beaf81b\" data-element_type=\"widget\" data-e-type=\"widget\" data-widget_type=\"text-editor.default\">\n\t\t\t\t<div class=\"elementor-widget-container\">\n\t\t\t\t\t\t\t\t\t<h5 style=\"text-align: center;\"><strong>5-kamp <br \/>&#8221;Mitt i Prick&#8221;<\/strong><\/h5><p>Fem grenar f\u00f6r den t\u00e4vlingslystna i grupp eller individuellt. <br \/>Grenarna utmanar er tr\u00e4ffs\u00e4kerhet p\u00e5 olika s\u00e4tt, tex. knivkastning, frisbeegolf, yxkastning, pilb\u00e5gsskytte, spikslagning, slangbella, bl\u00e5sr\u00f6r etc.<\/p><p>Tids\u00e5tg\u00e5ng 1-2 timmar<br \/>Rekommenderad gruppstorlek 6-20 personer.<br \/>Prisex: 345 kr per person.<\/p>\t\t\t\t\t\t\t\t<\/div>\n\t\t\t\t<\/div>\n\t\t\t\t\t<\/div>\n\t\t<\/div>\n\t\t\t\t<div class=\"elementor-column elementor-col-33 elementor-top-column elementor-element elementor-element-f85213e\" data-id=\"f85213e\" data-element_type=\"column\" data-e-type=\"column\">\n\t\t\t<div class=\"elementor-widget-wrap elementor-element-populated\">\n\t\t\t\t\t\t<div class=\"elementor-element elementor-element-cb4216d elementor-widget elementor-widget-text-editor\" data-id=\"cb4216d\" data-element_type=\"widget\" data-e-type=\"widget\" data-widget_type=\"text-editor.default\">\n\t\t\t\t<div class=\"elementor-widget-container\">\n\t\t\t\t\t\t\t\t\t<h5 style=\"text-align: center;\"><strong>7-kamp <br \/>&#8221;Lagk\u00e4nsla&#8221;<\/strong><\/h5><p>Sju olika lag\u00f6vningar med samarbete som gemensam n\u00e4mnare. Teama gruppen med skratt, hj\u00e4rngymnastik och t\u00e4vlingsnerver.<\/p><p>Pussel, reptrassel, eldprov, tanken\u00f6tter mm.<\/p><p>Tids\u00e5tg\u00e5ng 2-3 timmar Beroende p\u00e5 antal deltagare<br \/>Rekommenderad gruppstorlek: 6-20\u00a0 personer\u00a0<\/p><p>Prisex: 375 kr per person<\/p>\t\t\t\t\t\t\t\t<\/div>\n\t\t\t\t<\/div>\n\t\t\t\t\t<\/div>\n\t\t<\/div>\n\t\t\t\t<div class=\"elementor-column elementor-col-33 elementor-top-column elementor-element elementor-element-f7460e9\" data-id=\"f7460e9\" data-element_type=\"column\" data-e-type=\"column\">\n\t\t\t<div class=\"elementor-widget-wrap elementor-element-populated\">\n\t\t\t\t\t\t<div class=\"elementor-element elementor-element-845ff3d elementor-widget elementor-widget-text-editor\" data-id=\"845ff3d\" data-element_type=\"widget\" data-e-type=\"widget\" data-widget_type=\"text-editor.default\">\n\t\t\t\t<div class=\"elementor-widget-container\">\n\t\t\t\t\t\t\t\t\t<h5 style=\"text-align: center;\"><strong>3-kamp <br \/>&#8221;genidraget&#8221;<\/strong><\/h5><p>3 \u00f6vningar som pr\u00f6var kreativitet och probleml\u00f6sning. Genomf\u00f6rs i lag eller individuellt, inomhus eller utomhus. Valen \u00e4r m\u00e5nga men aktiviteten lockar fram skratt och sammanh\u00e5llning oavsett antal deltagare.<\/p><p>Tids\u00e5tg\u00e5ng ca 1 timme<br \/>Rekommenderad gruppstorlek: 3-30 personer<br \/>Prisex: 295 kr per person<\/p>\t\t\t\t\t\t\t\t<\/div>\n\t\t\t\t<\/div>\n\t\t\t\t\t<\/div>\n\t\t<\/div>\n\t\t\t\t\t<\/div>\n\t\t<\/section>\n\t\t\t\t<section class=\"elementor-section elementor-top-section elementor-element elementor-element-8446059 elementor-section-boxed elementor-section-height-default elementor-section-height-default\" data-id=\"8446059\" data-element_type=\"section\" data-e-type=\"section\">\n\t\t\t\t\t\t<div class=\"elementor-container elementor-column-gap-default\">\n\t\t\t\t\t<div class=\"elementor-column elementor-col-50 elementor-top-column elementor-element elementor-element-26d5f9e\" data-id=\"26d5f9e\" data-element_type=\"column\" data-e-type=\"column\">\n\t\t\t<div class=\"elementor-widget-wrap elementor-element-populated\">\n\t\t\t\t\t\t<div class=\"elementor-element elementor-element-a39025c elementor-widget elementor-widget-text-editor\" data-id=\"a39025c\" data-element_type=\"widget\" data-e-type=\"widget\" data-widget_type=\"text-editor.default\">\n\t\t\t\t<div class=\"elementor-widget-container\">\n\t\t\t\t\t\t\t\t\t<h5 style=\"text-align: center;\"><strong>Po\u00e4ngutmaningen<\/strong><\/h5><p>Aktiviteten som passar den lilla gruppen likv\u00e4l som den v\u00e4ldigt stora. Tv\u00e5 eller flera lag med 4-6 deltagare i varje t\u00e4vlar om att l\u00f6sa upp till 80 uppgifter v\u00e4rda olika mycket po\u00e4ng. F\u00f6r att lyckas g\u00e4ller det att planera, prioritera och chansa eftersom de inte \u00e4r s\u00e4kert att alla uppgifter hinns med. Uppgifterna \u00e4r av v\u00e4ldigt skiftande karakt\u00e4r och ibland g\u00e4ller det att kunna t\u00e4nka utanf\u00f6r boxen f\u00f6r att knipa flest po\u00e4ng\u2026.<br \/>I utmaningen hittas b\u00e5de praktiska och teoretiska uppgifter f\u00f6r att det ska passa s\u00e5 m\u00e5nga som m\u00f6jligt.<br \/>Gnugga ig\u00e5ng genikn\u00f6larna, plocka fram vinnarskallarna och samla po\u00e4ng som aldrig f\u00f6rr!<\/p><p>Tids\u00e5tg\u00e5ng 1,5-2 timmar<br \/>Rekommenderad gruppstorlek, 4-6 personer i varje lag. Upp till 100 personer kan delta samtidigt<br \/>Prisex: 245 kr per person<\/p>\t\t\t\t\t\t\t\t<\/div>\n\t\t\t\t<\/div>\n\t\t\t\t\t<\/div>\n\t\t<\/div>\n\t\t\t\t<div class=\"elementor-column elementor-col-50 elementor-top-column elementor-element elementor-element-8ca7e79\" data-id=\"8ca7e79\" data-element_type=\"column\" data-e-type=\"column\">\n\t\t\t<div class=\"elementor-widget-wrap elementor-element-populated\">\n\t\t\t\t\t\t<div class=\"elementor-element elementor-element-73240be elementor-widget elementor-widget-text-editor\" data-id=\"73240be\" data-element_type=\"widget\" data-e-type=\"widget\" data-widget_type=\"text-editor.default\">\n\t\t\t\t<div class=\"elementor-widget-container\">\n\t\t\t\t\t\t\t\t\t<h5 style=\"text-align: center;\"><strong>Kreativitetsboost<\/strong><\/h5><p>Vi har \u00e4ven aktiviteter som s\u00e4tter ig\u00e5ng b\u00e5de kreativitet, skaparlust och probleml\u00f6sning. <br \/>Att med sina egna h\u00e4nder ha skapat n\u00e5got \u00e4r en sj\u00e4lvf\u00f6rtroendeboost och dessutom ett l\u00e4ttsamt och trevligt s\u00e4tt att g\u00f6ra n\u00e5got tillsammans. I v\u00e5r kreativa verkstad visar vi olika hantverk och d\u00e4refter f\u00e5r deltagarna sj\u00e4lva v\u00e4lja vad man vill g\u00f6ra. Under er tid har ni m\u00f6jlighet att prova de olika hantverken och sj\u00e4lvklart tar man med sig sina alster hem n\u00e4r man \u00e4r f\u00e4rdig. Allt material och verktyg som beh\u00f6vs ing\u00e5r. Instruktioner och kunniga guider finns tillg\u00e4ngligt under hela tiden ni skapar. Samtliga av v\u00e5ra hantverksaktiviteter g\u00e5r att g\u00f6ra helt utan f\u00f6rkunskaper och oavsett vana av hantverk. Paracord, t\u00e4ljsten, n\u00e5lfiltning och att skapa med garn \u00e4r bara n\u00e5got av det som kan dyka upp.<strong><br \/><\/strong><\/p><p>Tids\u00e5tg\u00e5ng 1-3 timmar<br \/>Gruppstorlek upp till 30 personer<br \/>Prisex: 295 kr pp<\/p>\t\t\t\t\t\t\t\t<\/div>\n\t\t\t\t<\/div>\n\t\t\t\t\t<\/div>\n\t\t<\/div>\n\t\t\t\t\t<\/div>\n\t\t<\/section>\n\t\t\t\t<section class=\"elementor-section elementor-top-section elementor-element elementor-element-34e3804 elementor-section-boxed elementor-section-height-default elementor-section-height-default\" data-id=\"34e3804\" data-element_type=\"section\" data-e-type=\"section\">\n\t\t\t\t\t\t<div class=\"elementor-container elementor-column-gap-default\">\n\t\t\t\t\t<div class=\"elementor-column elementor-col-100 elementor-top-column elementor-element elementor-element-4f42217\" data-id=\"4f42217\" data-element_type=\"column\" data-e-type=\"column\">\n\t\t\t<div class=\"elementor-widget-wrap\">\n\t\t\t\t\t\t\t<\/div>\n\t\t<\/div>\n\t\t\t\t\t<\/div>\n\t\t<\/section>\n\t\t\t\t<section class=\"elementor-section elementor-top-section elementor-element elementor-element-e298078 elementor-section-full_width elementor-section-height-default elementor-section-height-default\" data-id=\"e298078\" data-element_type=\"section\" data-e-type=\"section\">\n\t\t\t\t\t\t<div class=\"elementor-container elementor-column-gap-default\">\n\t\t\t\t\t<div class=\"elementor-column elementor-col-100 elementor-top-column elementor-element elementor-element-ab2a4c8\" data-id=\"ab2a4c8\" data-element_type=\"column\" data-e-type=\"column\">\n\t\t\t<div class=\"elementor-widget-wrap elementor-element-populated\">\n\t\t\t\t\t\t<div class=\"elementor-element elementor-element-7f8852a elementor-widget elementor-widget-image\" data-id=\"7f8852a\" data-element_type=\"widget\" data-e-type=\"widget\" data-widget_type=\"image.default\">\n\t\t\t\t<div class=\"elementor-widget-container\">\n\t\t\t\t\t\t\t\t\t\t\t\t\t\t\t\t<a href=\"mailto:info@ravitut.se\">\n\t\t\t\t\t\t\t<img decoding=\"async\" width=\"1536\" height=\"260\" src=\"https:\/\/ravitut.se\/wp-content\/uploads\/2023\/03\/skog-1536x260.png\" class=\"attachment-1536x1536 size-1536x1536 wp-image-1596\" alt=\"\" srcset=\"https:\/\/ravitut.se\/wp-content\/uploads\/2023\/03\/skog-1536x260.png 1536w, https:\/\/ravitut.se\/wp-content\/uploads\/2023\/03\/skog-300x51.png 300w, https:\/\/ravitut.se\/wp-content\/uploads\/2023\/03\/skog-1024x174.png 1024w, https:\/\/ravitut.se\/wp-content\/uploads\/2023\/03\/skog-768x130.png 768w, https:\/\/ravitut.se\/wp-content\/uploads\/2023\/03\/skog-2048x347.png 2048w, https:\/\/ravitut.se\/wp-content\/uploads\/2023\/03\/skog-600x102.png 600w\" sizes=\"(max-width: 1536px) 100vw, 1536px\" \/>\t\t\t\t\t\t\t\t<\/a>\n\t\t\t\t\t\t\t\t\t\t\t\t\t\t\t<\/div>\n\t\t\t\t<\/div>\n\t\t\t\t\t<\/div>\n\t\t<\/div>\n\t\t\t\t\t<\/div>\n\t\t<\/section>\n\t\t\t\t<\/div>\n\t\t","protected":false},"excerpt":{"rendered":"<p>AKTIVITETER Att genomf\u00f6ra aktiviteter tillsammans skapar, gl\u00e4dje, samh\u00f6righet, skratt, t\u00e4vlingsnerver mm. och man f\u00e5r anv\u00e4nda b\u00e5de genikn\u00f6lar, pricks\u00e4kerhet eller ta fram den kreativa \u00e5dran F\u00f6rutom redan f\u00e4rdiga aktivitetsf\u00f6rslag erbjuder vi \u00e4ven specialanpassade aktiviteter som vi planerar tillsammans med er om det finns s\u00e4rskilda \u00f6nskem\u00e5l om uppl\u00e4gg, inneh\u00e5ll, tema, plats eller [&hellip;]<\/p>\n","protected":false},"author":1,"featured_media":0,"parent":0,"menu_order":0,"comment_status":"closed","ping_status":"closed","template":"elementor_header_footer","meta":{"footnotes":""},"class_list":["post-1725","page","type-page","status-publish","hentry"],"_links":{"self":[{"href":"https:\/\/ravitut.se\/index.php\/wp-json\/wp\/v2\/pages\/1725","targetHints":{"allow":["GET"]}}],"collection":[{"href":"https:\/\/ravitut.se\/index.php\/wp-json\/wp\/v2\/pages"}],"about":[{"href":"https:\/\/ravitut.se\/index.php\/wp-json\/wp\/v2\/types\/page"}],"author":[{"embeddable":true,"href":"https:\/\/ravitut.se\/index.php\/wp-json\/wp\/v2\/users\/1"}],"replies":[{"embeddable":true,"href":"https:\/\/ravitut.se\/index.php\/wp-json\/wp\/v2\/comments?post=1725"}],"version-history":[{"count":92,"href":"https:\/\/ravitut.se\/index.php\/wp-json\/wp\/v2\/pages\/1725\/revisions"}],"predecessor-version":[{"id":1852,"href":"https:\/\/ravitut.se\/index.php\/wp-json\/wp\/v2\/pages\/1725\/revisions\/1852"}],"wp:attachment":[{"href":"https:\/\/ravitut.se\/index.php\/wp-json\/wp\/v2\/media?parent=1725"}],"curies":[{"name":"wp","href":"https:\/\/api.w.org\/{rel}","templated":true}]}}