{"id":838,"date":"2021-03-13T09:09:55","date_gmt":"2021-03-13T09:09:55","guid":{"rendered":"https:\/\/ravitut.se\/?page_id=838"},"modified":"2023-02-06T18:36:43","modified_gmt":"2023-02-06T18:36:43","slug":"omoss","status":"publish","type":"page","link":"https:\/\/ravitut.se\/index.php\/omoss\/","title":{"rendered":"Om oss"},"content":{"rendered":"\t\t<div data-elementor-type=\"wp-page\" data-elementor-id=\"838\" class=\"elementor elementor-838\" data-elementor-post-type=\"page\">\n\t\t\t\t\t\t<section class=\"elementor-section elementor-top-section elementor-element elementor-element-79ad6aa9 elementor-section-boxed elementor-section-height-default elementor-section-height-default\" data-id=\"79ad6aa9\" data-element_type=\"section\" data-e-type=\"section\" data-settings=\"{&quot;background_background&quot;:&quot;classic&quot;,&quot;background_motion_fx_motion_fx_scrolling&quot;:&quot;yes&quot;,&quot;background_motion_fx_translateY_effect&quot;:&quot;yes&quot;,&quot;background_motion_fx_translateY_speed&quot;:{&quot;unit&quot;:&quot;px&quot;,&quot;size&quot;:5,&quot;sizes&quot;:[]},&quot;background_motion_fx_translateY_affectedRange&quot;:{&quot;unit&quot;:&quot;%&quot;,&quot;size&quot;:&quot;&quot;,&quot;sizes&quot;:{&quot;start&quot;:52,&quot;end&quot;:100}},&quot;background_motion_fx_devices&quot;:[&quot;desktop&quot;,&quot;tablet&quot;,&quot;mobile&quot;]}\">\n\t\t\t\t\t\t\t<div class=\"elementor-background-overlay\"><\/div>\n\t\t\t\t\t\t\t<div class=\"elementor-container elementor-column-gap-default\">\n\t\t\t\t\t<div class=\"elementor-column elementor-col-100 elementor-top-column elementor-element elementor-element-762d973d\" data-id=\"762d973d\" data-element_type=\"column\" data-e-type=\"column\">\n\t\t\t<div class=\"elementor-widget-wrap elementor-element-populated\">\n\t\t\t\t\t\t<div class=\"elementor-element elementor-element-2acdc7e8 elementor-widget elementor-widget-heading\" data-id=\"2acdc7e8\" data-element_type=\"widget\" data-e-type=\"widget\" data-widget_type=\"heading.default\">\n\t\t\t\t<div class=\"elementor-widget-container\">\n\t\t\t\t\t<h2 class=\"elementor-heading-title elementor-size-large\">Vi gillar att vara ute<\/h2>\t\t\t\t<\/div>\n\t\t\t\t<\/div>\n\t\t\t\t<div class=\"elementor-element elementor-element-48e3760 elementor-widget elementor-widget-text-editor\" data-id=\"48e3760\" data-element_type=\"widget\" data-e-type=\"widget\" data-widget_type=\"text-editor.default\">\n\t\t\t\t<div class=\"elementor-widget-container\">\n\t\t\t\t\t\t\t\t\t<h1 style=\"text-align: center;\">Vi<strong> \u00e4r tv\u00e5 natur- och upplevelse\u00e4lskande pedagoger som tillsammans driver f\u00f6retaget Ravitut AB. <br \/><\/strong>\u00a0Gemensamt f\u00f6r oss b\u00e5da \u00e4r en stor k\u00e4rlek till friluftsliv och ett brinnande engagemang f\u00f6r att f\u00f6rmedla det till andra.<br \/><span id=\"docs-internal-guid-ec0d0e39-7fff-1202-6a54-cb9a55238069\"><\/span><\/h1>\t\t\t\t\t\t\t\t<\/div>\n\t\t\t\t<\/div>\n\t\t\t\t<div class=\"elementor-element elementor-element-ca7da48 elementor-widget elementor-widget-text-editor\" data-id=\"ca7da48\" data-element_type=\"widget\" data-e-type=\"widget\" data-widget_type=\"text-editor.default\">\n\t\t\t\t<div class=\"elementor-widget-container\">\n\t\t\t\t\t\t\t\t\t<p>Vi har m\u00e5ng\u00e5rig kunskap och erfarenhet av b\u00e5de undervisning, friluftsteknik\/friluftsliv, <br \/>guidning, och att jobba med m\u00e4nniskor i grupp.<br \/>V\u00e5ra aktiviteter och arrangemang k\u00e4nnetecknas av gl\u00e4dje, s\u00e4kerhet, kunskap och ett stort engagemang.<br \/>Vi m\u00e5lgruppsanpassar alltid v\u00e5ra verksamheter och \u00e4r sj\u00e4lvklart \u00f6ppna f\u00f6r \u00f6nskem\u00e5l och f\u00f6rslag kring uppl\u00e4gg.\u00a0<br \/><br \/><\/p>\t\t\t\t\t\t\t\t<\/div>\n\t\t\t\t<\/div>\n\t\t\t\t\t<\/div>\n\t\t<\/div>\n\t\t\t\t\t<\/div>\n\t\t<\/section>\n\t\t\t\t<section class=\"elementor-section elementor-top-section elementor-element elementor-element-324a0d0c elementor-section-boxed elementor-section-height-default elementor-section-height-default\" data-id=\"324a0d0c\" data-element_type=\"section\" data-e-type=\"section\" data-settings=\"{&quot;background_background&quot;:&quot;classic&quot;}\">\n\t\t\t\t\t\t<div class=\"elementor-container elementor-column-gap-default\">\n\t\t\t\t\t<div class=\"elementor-column elementor-col-100 elementor-top-column elementor-element elementor-element-6e2e410e\" data-id=\"6e2e410e\" data-element_type=\"column\" data-e-type=\"column\">\n\t\t\t<div class=\"elementor-widget-wrap elementor-element-populated\">\n\t\t\t\t\t\t<div class=\"elementor-element elementor-element-346e6d5f elementor-widget elementor-widget-heading\" data-id=\"346e6d5f\" data-element_type=\"widget\" data-e-type=\"widget\" data-widget_type=\"heading.default\">\n\t\t\t\t<div class=\"elementor-widget-container\">\n\t\t\t\t\t<h3 class=\"elementor-heading-title elementor-size-large\">V\u00e5ra guider &amp; T\u00e4ltuppslagare<\/h3>\t\t\t\t<\/div>\n\t\t\t\t<\/div>\n\t\t\t\t<section class=\"elementor-section elementor-inner-section elementor-element elementor-element-4d175a4e elementor-section-boxed elementor-section-height-default elementor-section-height-default\" data-id=\"4d175a4e\" data-element_type=\"section\" data-e-type=\"section\">\n\t\t\t\t\t\t<div class=\"elementor-container elementor-column-gap-no\">\n\t\t\t\t\t<div class=\"elementor-column elementor-col-50 elementor-inner-column elementor-element elementor-element-6697b957\" data-id=\"6697b957\" data-element_type=\"column\" data-e-type=\"column\" data-settings=\"{&quot;background_background&quot;:&quot;classic&quot;}\">\n\t\t\t<div class=\"elementor-widget-wrap elementor-element-populated\">\n\t\t\t\t\t\t<div class=\"elementor-element elementor-element-12906c0f elementor-widget elementor-widget-image\" data-id=\"12906c0f\" data-element_type=\"widget\" data-e-type=\"widget\" data-widget_type=\"image.default\">\n\t\t\t\t<div class=\"elementor-widget-container\">\n\t\t\t\t\t\t\t\t\t\t\t\t\t\t\t<img decoding=\"async\" width=\"150\" height=\"150\" src=\"https:\/\/ravitut.se\/wp-content\/uploads\/2021\/03\/Lottie4-150x150.jpg\" class=\"attachment-thumbnail size-thumbnail wp-image-1014\" alt=\"\" srcset=\"https:\/\/ravitut.se\/wp-content\/uploads\/2021\/03\/Lottie4-150x150.jpg 150w, https:\/\/ravitut.se\/wp-content\/uploads\/2021\/03\/Lottie4-160x160.jpg 160w\" sizes=\"(max-width: 150px) 100vw, 150px\" \/>\t\t\t\t\t\t\t\t\t\t\t\t\t\t\t<\/div>\n\t\t\t\t<\/div>\n\t\t\t\t<div class=\"elementor-element elementor-element-638a69af elementor-widget elementor-widget-heading\" data-id=\"638a69af\" data-element_type=\"widget\" data-e-type=\"widget\" data-widget_type=\"heading.default\">\n\t\t\t\t<div class=\"elementor-widget-container\">\n\t\t\t\t\t<h2 class=\"elementor-heading-title elementor-size-large\">Lottie Sk\u00f6ld<\/h2>\t\t\t\t<\/div>\n\t\t\t\t<\/div>\n\t\t\t\t<div class=\"elementor-element elementor-element-2cb82e2d elementor-widget elementor-widget-heading\" data-id=\"2cb82e2d\" data-element_type=\"widget\" data-e-type=\"widget\" data-widget_type=\"heading.default\">\n\t\t\t\t<div class=\"elementor-widget-container\">\n\t\t\t\t\t<h2 class=\"elementor-heading-title elementor-size-large\">T\u00e4ltuppslagare och Aktivitetsguide<\/h2>\t\t\t\t<\/div>\n\t\t\t\t<\/div>\n\t\t\t\t<div class=\"elementor-element elementor-element-92e486b elementor-widget elementor-widget-text-editor\" data-id=\"92e486b\" data-element_type=\"widget\" data-e-type=\"widget\" data-widget_type=\"text-editor.default\">\n\t\t\t\t<div class=\"elementor-widget-container\">\n\t\t\t\t\t\t\t\t\t<p><span lang=\"sv\">Lottie Sk\u00f6ld \u00e4r en m\u00e5ngsidig teckenspr\u00e5kskunnig l\u00e4rare som f\u00f6rutom arbete inom skolv\u00e4rlden h\u00e5llit kurser och utbildningar i kommunikation, SFI\/svenska som andraspr\u00e5k, f\u00f6r\u00e4ldrast\u00f6d och ledarskap.<br \/>Lottie brinner f\u00f6r friluftsliv, att f\u00e5 leda grupper och att utveckla aktiviteter med sinnesrika detaljer. Att f\u00e5 dela med sig av sina kunskaper och smitta omgivningen med sitt engagemang brinner hon lite extra av.\u00a0<br \/><\/span><\/p>\t\t\t\t\t\t\t\t<\/div>\n\t\t\t\t<\/div>\n\t\t\t\t<div class=\"elementor-element elementor-element-52c4c281 e-grid-align-tablet-center e-grid-align-mobile-center elementor-shape-rounded elementor-grid-0 e-grid-align-center elementor-widget elementor-widget-social-icons\" data-id=\"52c4c281\" data-element_type=\"widget\" data-e-type=\"widget\" data-widget_type=\"social-icons.default\">\n\t\t\t\t<div class=\"elementor-widget-container\">\n\t\t\t\t\t\t\t<div class=\"elementor-social-icons-wrapper elementor-grid\">\n\t\t\t\t\t\t\t<span class=\"elementor-grid-item\">\n\t\t\t\t\t<a class=\"elementor-icon elementor-social-icon elementor-social-icon-envelope elementor-repeater-item-1kfdigf\" href=\"mailto:lottie@ravitut.se\" target=\"_blank\">\n\t\t\t\t\t\t<span class=\"elementor-screen-only\">Envelope<\/span>\n\t\t\t\t\t\t<i aria-hidden=\"true\" class=\"fas fa-envelope\"><\/i>\t\t\t\t\t<\/a>\n\t\t\t\t<\/span>\n\t\t\t\t\t<\/div>\n\t\t\t\t\t\t<\/div>\n\t\t\t\t<\/div>\n\t\t\t\t\t<\/div>\n\t\t<\/div>\n\t\t\t\t<div class=\"elementor-column elementor-col-50 elementor-inner-column elementor-element elementor-element-7209bdce\" data-id=\"7209bdce\" data-element_type=\"column\" data-e-type=\"column\" data-settings=\"{&quot;background_background&quot;:&quot;classic&quot;}\">\n\t\t\t<div class=\"elementor-widget-wrap elementor-element-populated\">\n\t\t\t\t\t\t<div class=\"elementor-element elementor-element-7eb47ef2 elementor-widget elementor-widget-image\" data-id=\"7eb47ef2\" data-element_type=\"widget\" data-e-type=\"widget\" data-widget_type=\"image.default\">\n\t\t\t\t<div class=\"elementor-widget-container\">\n\t\t\t\t\t\t\t\t\t\t\t\t\t\t\t<img decoding=\"async\" width=\"150\" height=\"150\" src=\"https:\/\/ravitut.se\/wp-content\/uploads\/2021\/03\/20200804_122234-150x150.jpg\" class=\"attachment-thumbnail size-thumbnail wp-image-841\" alt=\"\" srcset=\"https:\/\/ravitut.se\/wp-content\/uploads\/2021\/03\/20200804_122234-150x150.jpg 150w, https:\/\/ravitut.se\/wp-content\/uploads\/2021\/03\/20200804_122234-160x160.jpg 160w\" sizes=\"(max-width: 150px) 100vw, 150px\" \/>\t\t\t\t\t\t\t\t\t\t\t\t\t\t\t<\/div>\n\t\t\t\t<\/div>\n\t\t\t\t<div class=\"elementor-element elementor-element-181941f6 elementor-widget elementor-widget-heading\" data-id=\"181941f6\" data-element_type=\"widget\" data-e-type=\"widget\" data-widget_type=\"heading.default\">\n\t\t\t\t<div class=\"elementor-widget-container\">\n\t\t\t\t\t<h2 class=\"elementor-heading-title elementor-size-large\">John S\u00f6derdahl<\/h2>\t\t\t\t<\/div>\n\t\t\t\t<\/div>\n\t\t\t\t<div class=\"elementor-element elementor-element-a03f7a6 elementor-widget elementor-widget-heading\" data-id=\"a03f7a6\" data-element_type=\"widget\" data-e-type=\"widget\" data-widget_type=\"heading.default\">\n\t\t\t\t<div class=\"elementor-widget-container\">\n\t\t\t\t\t<h2 class=\"elementor-heading-title elementor-size-large\">T\u00e4ltuppslagare och Aktivitetsguide<\/h2>\t\t\t\t<\/div>\n\t\t\t\t<\/div>\n\t\t\t\t<div class=\"elementor-element elementor-element-35e4a9e1 elementor-widget elementor-widget-text-editor\" data-id=\"35e4a9e1\" data-element_type=\"widget\" data-e-type=\"widget\" data-widget_type=\"text-editor.default\">\n\t\t\t\t<div class=\"elementor-widget-container\">\n\t\t\t\t\t\t\t\t\t<p>John har erfarenhet som \u00e4ventyrsguide p\u00e5 ett par olika st\u00e4llen i Sk\u00e5ne b\u00e5de som anst\u00e4lld och i egen regi och har i det arbetet guidat sm\u00e5 och stora grupper. <br \/>Efter utbildning inom Ekoturism har erfarenhetsbanken v\u00e4xt ytterligare. Dessa arbetslivserfarenheter tillsammans med ett m\u00e5ng\u00e5rigt engagemang att leda grupper inom Scouterna och Friluftsfr\u00e4mjandet tas med in i arbetet att leda grupper p\u00e5 olika s\u00e4tt.<br \/>John gillar t\u00e4lt, on\u00f6diga prylar och att f\u00e5 engagera!<\/p>\t\t\t\t\t\t\t\t<\/div>\n\t\t\t\t<\/div>\n\t\t\t\t<div class=\"elementor-element elementor-element-7b3677f2 e-grid-align-tablet-center e-grid-align-mobile-center elementor-shape-rounded elementor-grid-0 e-grid-align-center elementor-widget elementor-widget-social-icons\" data-id=\"7b3677f2\" data-element_type=\"widget\" data-e-type=\"widget\" data-widget_type=\"social-icons.default\">\n\t\t\t\t<div class=\"elementor-widget-container\">\n\t\t\t\t\t\t\t<div class=\"elementor-social-icons-wrapper elementor-grid\">\n\t\t\t\t\t\t\t<span class=\"elementor-grid-item\">\n\t\t\t\t\t<a class=\"elementor-icon elementor-social-icon elementor-social-icon-envelope elementor-repeater-item-lf5yt4c\" href=\"mailto:john@ravitut.se\" target=\"_blank\">\n\t\t\t\t\t\t<span class=\"elementor-screen-only\">Envelope<\/span>\n\t\t\t\t\t\t<i aria-hidden=\"true\" class=\"fas fa-envelope\"><\/i>\t\t\t\t\t<\/a>\n\t\t\t\t<\/span>\n\t\t\t\t\t<\/div>\n\t\t\t\t\t\t<\/div>\n\t\t\t\t<\/div>\n\t\t\t\t\t<\/div>\n\t\t<\/div>\n\t\t\t\t\t<\/div>\n\t\t<\/section>\n\t\t\t\t\t<\/div>\n\t\t<\/div>\n\t\t\t\t\t<\/div>\n\t\t<\/section>\n\t\t\t\t<\/div>\n\t\t","protected":false},"excerpt":{"rendered":"<p>Vi gillar att vara ute Vi \u00e4r tv\u00e5 natur- och upplevelse\u00e4lskande pedagoger som tillsammans driver f\u00f6retaget Ravitut AB. \u00a0Gemensamt f\u00f6r oss b\u00e5da \u00e4r en stor k\u00e4rlek till friluftsliv och ett brinnande engagemang f\u00f6r att f\u00f6rmedla det till andra. Vi har m\u00e5ng\u00e5rig kunskap och erfarenhet av b\u00e5de undervisning, friluftsteknik\/friluftsliv, guidning, och [&hellip;]<\/p>\n","protected":false},"author":1,"featured_media":0,"parent":0,"menu_order":0,"comment_status":"closed","ping_status":"closed","template":"elementor_header_footer","meta":{"footnotes":""},"class_list":["post-838","page","type-page","status-publish","hentry"],"_links":{"self":[{"href":"https:\/\/ravitut.se\/index.php\/wp-json\/wp\/v2\/pages\/838","targetHints":{"allow":["GET"]}}],"collection":[{"href":"https:\/\/ravitut.se\/index.php\/wp-json\/wp\/v2\/pages"}],"about":[{"href":"https:\/\/ravitut.se\/index.php\/wp-json\/wp\/v2\/types\/page"}],"author":[{"embeddable":true,"href":"https:\/\/ravitut.se\/index.php\/wp-json\/wp\/v2\/users\/1"}],"replies":[{"embeddable":true,"href":"https:\/\/ravitut.se\/index.php\/wp-json\/wp\/v2\/comments?post=838"}],"version-history":[{"count":56,"href":"https:\/\/ravitut.se\/index.php\/wp-json\/wp\/v2\/pages\/838\/revisions"}],"predecessor-version":[{"id":1528,"href":"https:\/\/ravitut.se\/index.php\/wp-json\/wp\/v2\/pages\/838\/revisions\/1528"}],"wp:attachment":[{"href":"https:\/\/ravitut.se\/index.php\/wp-json\/wp\/v2\/media?parent=838"}],"curies":[{"name":"wp","href":"https:\/\/api.w.org\/{rel}","templated":true}]}}